{"id":39,"date":"2021-05-11T08:48:15","date_gmt":"2021-05-11T08:48:15","guid":{"rendered":"http:\/\/www.fischwaid-muenchen.de\/?page_id=39"},"modified":"2023-09-23T09:37:23","modified_gmt":"2023-09-23T07:37:23","slug":"verein","status":"publish","type":"page","link":"https:\/\/www.fischwaid-muenchen.de\/?page_id=39","title":{"rendered":"Verein"},"content":{"rendered":"<div id=\"pl-39\"  class=\"panel-layout\" ><div id=\"pg-39-0\"  class=\"panel-grid panel-has-style\" ><div class=\"panel-row-style panel-row-style-for-39-0\" ><div id=\"pgc-39-0-0\"  class=\"panel-grid-cell\" ><div id=\"panel-39-0-0-0\" class=\"so-panel widget widget_siteorigin-panels-builder panel-first-child panel-last-child\" data-index=\"0\" ><div class=\"panel-widget-style panel-widget-style-for-39-0-0-0\" ><div id=\"pl-w650e95b378013\"  class=\"panel-layout\" ><div id=\"pg-w650e95b378013-0\"  class=\"panel-grid panel-has-style\" ><div class=\"panel-row-style panel-row-style-for-w650e95b378013-0\" ><div id=\"pgc-w650e95b378013-0-0\"  class=\"panel-grid-cell\" ><div id=\"panel-w650e95b378013-0-0-0\" class=\"so-panel widget widget_sow-editor panel-first-child panel-last-child\" data-index=\"0\" ><div\n\t\t\t\n\t\t\tclass=\"so-widget-sow-editor so-widget-sow-editor-base\"\n\t\t\t\n\t\t>\n<div class=\"siteorigin-widget-tinymce textwidget\">\n\t<p class=\"western\"><span style=\"font-family: arial, helvetica, sans-serif;\">Der\u00a0<strong>Fischereiverein Fischwaid M\u00fcnchen e.V.<\/strong>\u00a0wurde am 03. April 1965 in M\u00fcnchen gegr\u00fcndet.<\/span><\/p>\n<p class=\"western\"><span style=\"font-family: arial, helvetica, sans-serif;\">Eine\u00a0detaillierte und komplette Vereinsgeschichte findet ihr in unserer <a href=\"https:\/\/www.fischwaid-muenchen.de\/public\/allg_pdfs\/Chronik.pdf\">Chronik<\/a>.<\/span><\/p>\n<p class=\"western\"><span style=\"font-family: arial, helvetica, sans-serif;\">Wir bieten derzeit ca. 485 Mitgliedern und 38 Jugendlichen eine abwechslungsreiche\u00a0 und interessante Fischerei an unseren Gew\u00e4ssern rund um M\u00fcnchen.<\/span><\/p>\n<p class=\"western\"><span style=\"font-family: arial, helvetica, sans-serif;\">Von den insgesamt 10 Gew\u00e4ssern sind der Waldsee, Wieling, die Vils und ein Teilst\u00fcck des Nasenbaches\/Goldach Eigentum des Vereines.<\/span><\/p>\n<p class=\"western\"><span style=\"font-family: arial, helvetica, sans-serif;\">Der Speichersee, Hollerner See, Feringasee, die Klosterweiher Scheyern sowie die Ilm und die Goldach sind gepachtet.<\/span><\/p>\n<p class=\"western\"><span style=\"font-family: arial, helvetica, sans-serif;\">Alle dem Verein zur Verf\u00fcgung stehenden Gew\u00e4sser wollen wir in ihrer Urspr\u00fcnglichkeit und Sch\u00f6nheit im Sinne des Natur-, Landschafts- und Umweltschutzes erhalten.<\/span><\/p>\n<p class=\"western\"><span style=\"font-family: arial, helvetica, sans-serif;\">Zum Vereinsziel geh\u00f6ren auch die fachkundige Bewirtschaftung der Gew\u00e4sser, eine waidgerechte Fischerei, die Hege und Pflege der Tier- und Pflanzenwelt, die Aufrechterhaltung der Artenvielfalt und die Ausbildung, Betreuung und F\u00f6rderung der Fischerjugend.<\/span><\/p>\n<p class=\"western\"><span style=\"font-family: arial, helvetica, sans-serif;\">Auf unserer Webseite wollen wir unseren Mitgliedern die M\u00f6glichkeit bieten, sich aktuell\u00a0 \u00fcber alle Vereinsaktivit\u00e4ten zu informieren. Alle interessierten G\u00e4ste erhalten hier Informationen \u00fcber unseren Verein und unsere Gew\u00e4sser.<\/span><\/p>\n<\/div>\n<\/div><\/div><\/div><\/div><\/div><div id=\"pg-w650e95b378013-1\"  class=\"panel-grid panel-no-style\" ><div id=\"pgc-w650e95b378013-1-0\"  class=\"panel-grid-cell panel-grid-cell-mobile-last\" ><div id=\"panel-w650e95b378013-1-0-0\" class=\"so-panel widget widget_sow-editor panel-first-child\" data-index=\"1\" ><div class=\"panel-widget-style panel-widget-style-for-w650e95b378013-1-0-0\" ><div\n\t\t\t\n\t\t\tclass=\"so-widget-sow-editor so-widget-sow-editor-base\"\n\t\t\t\n\t\t>\n<div class=\"siteorigin-widget-tinymce textwidget\">\n\t<p><span style=\"font-family: arial, helvetica, sans-serif;\"><strong>Fischereiverein Fischwaid M\u00fcnchen e.V.<\/strong><\/span><\/p>\n<p><span style=\"font-family: arial, helvetica, sans-serif;\">Gesch\u00e4ftsstelle:<\/span><\/p>\n<p><span style=\"font-family: arial, helvetica, sans-serif;\">Siedlerstra\u00dfe 9\u00a0 \u00a0 \u00a085774 Unterf\u00f6hring<\/span><\/p>\n<p><span style=\"font-family: arial, helvetica, sans-serif;\">Tel: 089 \/ 359 95 96<\/span><\/p>\n<p><span style=\"font-family: arial, helvetica, sans-serif;\">Bankverbindung: IBAN: DE49 7015 0000 0111 1653 61<\/span><br \/>\n<span style=\"font-family: arial, helvetica, sans-serif;\">BIC: SSKMDEMMXXX\u00a0 \u00a0Stadtsparkasse M\u00fcnchen<\/span><\/p>\n<\/div>\n<\/div><\/div><\/div><div id=\"panel-w650e95b378013-1-0-1\" class=\"so-panel widget widget_sow-editor panel-last-child\" data-index=\"2\" ><div\n\t\t\t\n\t\t\tclass=\"so-widget-sow-editor so-widget-sow-editor-base\"\n\t\t\t\n\t\t>\n<div class=\"siteorigin-widget-tinymce textwidget\">\n\t<p><span style=\"font-family: arial, helvetica, sans-serif;\">E-Mail:\u00a0<a href=\"mailto:post@fischwaid-muenchen.de\" target=\"_blank\" rel=\"noopener\">post(at)fischwaid-muenchen.de<\/a><\/span><br \/>\n<span style=\"font-family: arial, helvetica, sans-serif;\">Home:\u00a0<a href=\"https:\/\/www.fischwaid-muenchen.de\/\">www.fischwaid-muenchen.de<\/a><\/span><\/p>\n<\/div>\n<\/div><\/div><\/div><div id=\"pgc-w650e95b378013-1-1\"  class=\"panel-grid-cell panel-grid-cell-empty\" ><\/div><\/div><\/div><\/div><\/div><\/div><\/div><\/div><\/div>","protected":false},"excerpt":{"rendered":"<p>Der\u00a0Fischereiverein Fischwaid M\u00fcnchen e.V.\u00a0wurde am 03. April 1965 in M\u00fcnchen gegr\u00fcndet. Eine\u00a0detaillierte und komplette Vereinsgeschichte findet ihr in unserer Chronik. Wir bieten derzeit ca. 485 Mitgliedern und 38 Jugendlichen eine abwechslungsreiche\u00a0 und interessante Fischerei an unseren Gew\u00e4ssern rund um M\u00fcnchen. Von den insgesamt 10 Gew\u00e4ssern sind der Waldsee, Wieling, die&#8230;<\/p>\n<p class=\"continue-reading-button\"> <a class=\"continue-reading-link\" href=\"https:\/\/www.fischwaid-muenchen.de\/?page_id=39\">weiter<i class=\"crycon-right-dir\"><\/i><\/a><\/p>\n","protected":false},"author":2,"featured_media":0,"parent":0,"menu_order":0,"comment_status":"closed","ping_status":"closed","template":"templates\/template-onecolumn.php","meta":{"footnotes":""},"wf_page_folders":[18],"class_list":["post-39","page","type-page","status-publish","hentry"],"yoast_head":"<!-- This site is optimized with the Yoast SEO plugin v27.5 - https:\/\/yoast.com\/product\/yoast-seo-wordpress\/ -->\n<title>Verein - Fischereiverein Fischwaid M\u00fcnchen e.V.<\/title>\n<meta name=\"robots\" content=\"index, follow, max-snippet:-1, max-image-preview:large, max-video-preview:-1\" \/>\n<link rel=\"canonical\" href=\"https:\/\/www.fischwaid-muenchen.de\/?page_id=39\" \/>\n<meta property=\"og:locale\" content=\"de_DE\" \/>\n<meta property=\"og:type\" content=\"article\" \/>\n<meta property=\"og:title\" content=\"Verein - Fischereiverein Fischwaid M\u00fcnchen e.V.\" \/>\n<meta property=\"og:description\" content=\"Der\u00a0Fischereiverein Fischwaid M\u00fcnchen e.V.\u00a0wurde am 03. April 1965 in M\u00fcnchen gegr\u00fcndet. Eine\u00a0detaillierte und komplette Vereinsgeschichte findet ihr in unserer Chronik. Wir bieten derzeit ca. 485 Mitgliedern und 38 Jugendlichen eine abwechslungsreiche\u00a0 und interessante Fischerei an unseren Gew\u00e4ssern rund um M\u00fcnchen. Von den insgesamt 10 Gew\u00e4ssern sind der Waldsee, Wieling, die... weiter\" \/>\n<meta property=\"og:url\" content=\"https:\/\/www.fischwaid-muenchen.de\/?page_id=39\" \/>\n<meta property=\"og:site_name\" content=\"Fischereiverein Fischwaid M\u00fcnchen e.V.\" \/>\n<meta property=\"article:publisher\" content=\"https:\/\/www.facebook.com\/Fischereiverein-Fischwaid-Mnchen-eV-175669222446351\" \/>\n<meta property=\"article:modified_time\" content=\"2023-09-23T07:37:23+00:00\" \/>\n<meta name=\"twitter:card\" content=\"summary_large_image\" \/>\n<script type=\"application\/ld+json\" class=\"yoast-schema-graph\">{\"@context\":\"https:\\\/\\\/schema.org\",\"@graph\":[{\"@type\":\"WebPage\",\"@id\":\"https:\\\/\\\/www.fischwaid-muenchen.de\\\/?page_id=39\",\"url\":\"https:\\\/\\\/www.fischwaid-muenchen.de\\\/?page_id=39\",\"name\":\"Verein - Fischereiverein Fischwaid M\u00fcnchen e.V.\",\"isPartOf\":{\"@id\":\"https:\\\/\\\/www.fischwaid-muenchen.de\\\/#website\"},\"datePublished\":\"2021-05-11T08:48:15+00:00\",\"dateModified\":\"2023-09-23T07:37:23+00:00\",\"breadcrumb\":{\"@id\":\"https:\\\/\\\/www.fischwaid-muenchen.de\\\/?page_id=39#breadcrumb\"},\"inLanguage\":\"de\",\"potentialAction\":[{\"@type\":\"ReadAction\",\"target\":[\"https:\\\/\\\/www.fischwaid-muenchen.de\\\/?page_id=39\"]}]},{\"@type\":\"BreadcrumbList\",\"@id\":\"https:\\\/\\\/www.fischwaid-muenchen.de\\\/?page_id=39#breadcrumb\",\"itemListElement\":[{\"@type\":\"ListItem\",\"position\":1,\"name\":\"Startseite\",\"item\":\"https:\\\/\\\/www.fischwaid-muenchen.de\\\/\"},{\"@type\":\"ListItem\",\"position\":2,\"name\":\"Verein\"}]},{\"@type\":\"WebSite\",\"@id\":\"https:\\\/\\\/www.fischwaid-muenchen.de\\\/#website\",\"url\":\"https:\\\/\\\/www.fischwaid-muenchen.de\\\/\",\"name\":\"Fischereiverein Fischwaid M\u00fcnchen e.V.\",\"description\":\"\",\"publisher\":{\"@id\":\"https:\\\/\\\/www.fischwaid-muenchen.de\\\/#organization\"},\"potentialAction\":[{\"@type\":\"SearchAction\",\"target\":{\"@type\":\"EntryPoint\",\"urlTemplate\":\"https:\\\/\\\/www.fischwaid-muenchen.de\\\/?s={search_term_string}\"},\"query-input\":{\"@type\":\"PropertyValueSpecification\",\"valueRequired\":true,\"valueName\":\"search_term_string\"}}],\"inLanguage\":\"de\"},{\"@type\":\"Organization\",\"@id\":\"https:\\\/\\\/www.fischwaid-muenchen.de\\\/#organization\",\"name\":\"Fischwaid M\u00fcnchen e.V.\",\"url\":\"https:\\\/\\\/www.fischwaid-muenchen.de\\\/\",\"logo\":{\"@type\":\"ImageObject\",\"inLanguage\":\"de\",\"@id\":\"https:\\\/\\\/www.fischwaid-muenchen.de\\\/#\\\/schema\\\/logo\\\/image\\\/\",\"url\":\"https:\\\/\\\/www.fischwaid-muenchen.de\\\/wp-content\\\/uploads\\\/2021\\\/05\\\/fischwaid-logo.png\",\"contentUrl\":\"https:\\\/\\\/www.fischwaid-muenchen.de\\\/wp-content\\\/uploads\\\/2021\\\/05\\\/fischwaid-logo.png\",\"width\":1000,\"height\":1195,\"caption\":\"Fischwaid M\u00fcnchen e.V.\"},\"image\":{\"@id\":\"https:\\\/\\\/www.fischwaid-muenchen.de\\\/#\\\/schema\\\/logo\\\/image\\\/\"},\"sameAs\":[\"https:\\\/\\\/www.facebook.com\\\/Fischereiverein-Fischwaid-Mnchen-eV-175669222446351\",\"https:\\\/\\\/www.instagram.com\\\/fischwaid_muenchen_ev\\\/?igshid=YmMyMTA2M2Y=\"]}]}<\/script>\n<!-- \/ Yoast SEO plugin. -->","yoast_head_json":{"title":"Verein - Fischereiverein Fischwaid M\u00fcnchen e.V.","robots":{"index":"index","follow":"follow","max-snippet":"max-snippet:-1","max-image-preview":"max-image-preview:large","max-video-preview":"max-video-preview:-1"},"canonical":"https:\/\/www.fischwaid-muenchen.de\/?page_id=39","og_locale":"de_DE","og_type":"article","og_title":"Verein - Fischereiverein Fischwaid M\u00fcnchen e.V.","og_description":"Der\u00a0Fischereiverein Fischwaid M\u00fcnchen e.V.\u00a0wurde am 03. April 1965 in M\u00fcnchen gegr\u00fcndet. Eine\u00a0detaillierte und komplette Vereinsgeschichte findet ihr in unserer Chronik. Wir bieten derzeit ca. 485 Mitgliedern und 38 Jugendlichen eine abwechslungsreiche\u00a0 und interessante Fischerei an unseren Gew\u00e4ssern rund um M\u00fcnchen. Von den insgesamt 10 Gew\u00e4ssern sind der Waldsee, Wieling, die... weiter","og_url":"https:\/\/www.fischwaid-muenchen.de\/?page_id=39","og_site_name":"Fischereiverein Fischwaid M\u00fcnchen e.V.","article_publisher":"https:\/\/www.facebook.com\/Fischereiverein-Fischwaid-Mnchen-eV-175669222446351","article_modified_time":"2023-09-23T07:37:23+00:00","twitter_card":"summary_large_image","schema":{"@context":"https:\/\/schema.org","@graph":[{"@type":"WebPage","@id":"https:\/\/www.fischwaid-muenchen.de\/?page_id=39","url":"https:\/\/www.fischwaid-muenchen.de\/?page_id=39","name":"Verein - Fischereiverein Fischwaid M\u00fcnchen e.V.","isPartOf":{"@id":"https:\/\/www.fischwaid-muenchen.de\/#website"},"datePublished":"2021-05-11T08:48:15+00:00","dateModified":"2023-09-23T07:37:23+00:00","breadcrumb":{"@id":"https:\/\/www.fischwaid-muenchen.de\/?page_id=39#breadcrumb"},"inLanguage":"de","potentialAction":[{"@type":"ReadAction","target":["https:\/\/www.fischwaid-muenchen.de\/?page_id=39"]}]},{"@type":"BreadcrumbList","@id":"https:\/\/www.fischwaid-muenchen.de\/?page_id=39#breadcrumb","itemListElement":[{"@type":"ListItem","position":1,"name":"Startseite","item":"https:\/\/www.fischwaid-muenchen.de\/"},{"@type":"ListItem","position":2,"name":"Verein"}]},{"@type":"WebSite","@id":"https:\/\/www.fischwaid-muenchen.de\/#website","url":"https:\/\/www.fischwaid-muenchen.de\/","name":"Fischereiverein Fischwaid M\u00fcnchen e.V.","description":"","publisher":{"@id":"https:\/\/www.fischwaid-muenchen.de\/#organization"},"potentialAction":[{"@type":"SearchAction","target":{"@type":"EntryPoint","urlTemplate":"https:\/\/www.fischwaid-muenchen.de\/?s={search_term_string}"},"query-input":{"@type":"PropertyValueSpecification","valueRequired":true,"valueName":"search_term_string"}}],"inLanguage":"de"},{"@type":"Organization","@id":"https:\/\/www.fischwaid-muenchen.de\/#organization","name":"Fischwaid M\u00fcnchen e.V.","url":"https:\/\/www.fischwaid-muenchen.de\/","logo":{"@type":"ImageObject","inLanguage":"de","@id":"https:\/\/www.fischwaid-muenchen.de\/#\/schema\/logo\/image\/","url":"https:\/\/www.fischwaid-muenchen.de\/wp-content\/uploads\/2021\/05\/fischwaid-logo.png","contentUrl":"https:\/\/www.fischwaid-muenchen.de\/wp-content\/uploads\/2021\/05\/fischwaid-logo.png","width":1000,"height":1195,"caption":"Fischwaid M\u00fcnchen e.V."},"image":{"@id":"https:\/\/www.fischwaid-muenchen.de\/#\/schema\/logo\/image\/"},"sameAs":["https:\/\/www.facebook.com\/Fischereiverein-Fischwaid-Mnchen-eV-175669222446351","https:\/\/www.instagram.com\/fischwaid_muenchen_ev\/?igshid=YmMyMTA2M2Y="]}]}},"_links":{"self":[{"href":"https:\/\/www.fischwaid-muenchen.de\/index.php?rest_route=\/wp\/v2\/pages\/39","targetHints":{"allow":["GET"]}}],"collection":[{"href":"https:\/\/www.fischwaid-muenchen.de\/index.php?rest_route=\/wp\/v2\/pages"}],"about":[{"href":"https:\/\/www.fischwaid-muenchen.de\/index.php?rest_route=\/wp\/v2\/types\/page"}],"author":[{"embeddable":true,"href":"https:\/\/www.fischwaid-muenchen.de\/index.php?rest_route=\/wp\/v2\/users\/2"}],"replies":[{"embeddable":true,"href":"https:\/\/www.fischwaid-muenchen.de\/index.php?rest_route=%2Fwp%2Fv2%2Fcomments&post=39"}],"version-history":[{"count":0,"href":"https:\/\/www.fischwaid-muenchen.de\/index.php?rest_route=\/wp\/v2\/pages\/39\/revisions"}],"wp:attachment":[{"href":"https:\/\/www.fischwaid-muenchen.de\/index.php?rest_route=%2Fwp%2Fv2%2Fmedia&parent=39"}],"wp:term":[{"taxonomy":"wf_page_folders","embeddable":true,"href":"https:\/\/www.fischwaid-muenchen.de\/index.php?rest_route=%2Fwp%2Fv2%2Fwf_page_folders&post=39"}],"curies":[{"name":"wp","href":"https:\/\/api.w.org\/{rel}","templated":true}]}}