{"id":1959,"date":"2023-02-01T12:05:44","date_gmt":"2023-02-01T10:05:44","guid":{"rendered":"https:\/\/www.fischwaid-muenchen.de\/?page_id=1959"},"modified":"2023-02-13T17:03:15","modified_gmt":"2023-02-13T15:03:15","slug":"termine-arbeitsdienste","status":"publish","type":"page","link":"https:\/\/www.fischwaid-muenchen.de\/?page_id=1959","title":{"rendered":"Termine \/ Arbeitsdienste"},"content":{"rendered":"<div id=\"pl-1959\"  class=\"panel-layout\" ><div id=\"pg-1959-0\"  class=\"panel-grid panel-no-style\" ><div id=\"pgc-1959-0-0\"  class=\"panel-grid-cell\" ><div id=\"panel-1959-0-0-0\" class=\"so-panel widget widget_sow-editor panel-first-child\" data-index=\"0\" ><div\n\t\t\t\n\t\t\tclass=\"so-widget-sow-editor so-widget-sow-editor-base\"\n\t\t\t\n\t\t>\n<div class=\"siteorigin-widget-tinymce textwidget\">\n\t<h2 id=\"tablepress-1-name\" class=\"tablepress-table-name tablepress-table-name-id-1\">Termine<\/h2>\n\n<table id=\"tablepress-1\" class=\"tablepress tablepress-id-1 tbody-has-connected-cells\" aria-labelledby=\"tablepress-1-name\">\n<thead>\n<tr class=\"row-1\">\n\t<th class=\"column-1\">Datum<\/th><th class=\"column-2\">Veranstaltung<\/th><th class=\"column-3\">Ort<\/th><th class=\"column-4\">Uhrzeit<\/th><th class=\"column-5\">Vereinsgew\u00e4sser<br \/>\ngesperrt<\/th>\n<\/tr>\n<\/thead>\n<tbody class=\"row-striping row-hover\">\n<tr class=\"row-2\">\n\t<td class=\"column-1\">11.03.2026<\/td><td class=\"column-2\">Stammtisch<\/td><td class=\"column-3\">Bibi's Eching<\/td><td class=\"column-4\">19:00<\/td><td class=\"column-5\">nein<\/td>\n<\/tr>\n<tr class=\"row-3\">\n\t<td class=\"column-1\">17.04.2026<\/td><td class=\"column-2\">Mitgliederversammlung<\/td><td class=\"column-3\">Cafe Central Eching<\/td><td class=\"column-4\">18:00<\/td><td class=\"column-5\">ja<\/td>\n<\/tr>\n<tr class=\"row-4\">\n\t<td class=\"column-1\">19.07.2026<\/td><td class=\"column-2\">K\u00f6nigsfischen <\/td><td class=\"column-3\">Scheyern<\/td><td class=\"column-4\">7:00<\/td><td class=\"column-5\">ja<\/td>\n<\/tr>\n<tr class=\"row-5\">\n\t<td colspan=\"5\" class=\"column-1\">An den Veranstaltungstagen (ausgenommen Stammtisch) ist das Fischen ab 18.00 Uhr an allen Vereinsgew\u00e4ssern verboten!<br \/>\nAm Tag des K\u00f6nigsfischens sind alle Vereinsgew\u00e4sser gesperrt!<\/td>\n<\/tr>\n<\/tbody>\n<\/table>\n<!-- #tablepress-1 from cache -->\n<\/div>\n<\/div><\/div><div id=\"panel-1959-0-0-1\" class=\"so-panel widget widget_sow-editor\" data-index=\"1\" ><div\n\t\t\t\n\t\t\tclass=\"so-widget-sow-editor so-widget-sow-editor-base\"\n\t\t\t\n\t\t>\n<div class=\"siteorigin-widget-tinymce textwidget\">\n\t<h2 id=\"tablepress-9-name\" class=\"tablepress-table-name tablepress-table-name-id-9\">Arbeitsdienste<\/h2>\n\n<table id=\"tablepress-9\" class=\"tablepress tablepress-id-9\" aria-labelledby=\"tablepress-9-name\">\n<thead>\n<tr class=\"row-1\">\n\t<th class=\"column-1\">Datum<\/th><th class=\"column-2\">Gew\u00e4sser<\/th><th class=\"column-3\">Beschreibung<\/th><th class=\"column-4\">Anmeldung beim<\/th>\n<\/tr>\n<\/thead>\n<tbody class=\"row-striping row-hover\">\n<tr class=\"row-2\">\n\t<td class=\"column-1\">24.01.2026 Samstag<br \/>\n08:00 Uhr<\/td><td class=\"column-2\">Waldsee<\/td><td class=\"column-3\">Anzahl Helfer: mind. 10 Mann<br \/>\nDauer:  mind. 4 Stunden<br \/>\nTreffpunkt: gem. Absprache<br \/>\nArbeiten: Gew\u00e4sser pflege \/ H\u00fcttenboden arbeiten<br \/>\nMitzuf\u00fchren ist: Gummistiefel optimal Wathose und Arbeitshandschuhe. <\/td><td class=\"column-4\">Durchgef\u00fchrt<br \/>\n<\/td>\n<\/tr>\n<tr class=\"row-3\">\n\t<td class=\"column-1\">24.01.2026 Samstag<br \/>\n08:00 Uhr<\/td><td class=\"column-2\">Nasenbach<\/td><td class=\"column-3\">Anzahl Helfer: mind. 10 Mann<br \/>\nDauer:  mind. 4 Stunden<br \/>\nTreffpunkt: Dorfstra\u00dfe Ecke Goldach, 853656 Freising<br \/>\nArbeiten: Gew\u00e4sser pflege<br \/>\nMitzuf\u00fchren ist: Gummistiefel optimal Wathose und Arbeitshandschuhe. <\/td><td class=\"column-4\">Durchgef\u00fchrt<br \/>\n<\/td>\n<\/tr>\n<tr class=\"row-4\">\n\t<td class=\"column-1\">21.02.2026 Samstag<br \/>\n08:00 Uhr<\/td><td class=\"column-2\">Goldach II<\/td><td class=\"column-3\">Anzahl Helfer: mind. 10 Mann<br \/>\nDauer:  mind. 4 Stunden<br \/>\nTreffpunkt: Senderstra\u00dfe 30, 85737 Ismaning<br \/>\nArbeiten: Gew\u00e4sser pflege<br \/>\nMitzuf\u00fchren ist: Gummistiefel optimal Wathose und Arbeitshandschuhe. <\/td><td class=\"column-4\">Durchgef\u00fchrt<br \/>\n<\/td>\n<\/tr>\n<tr class=\"row-5\">\n\t<td class=\"column-1\">13.04.2026 Montag<br \/>\n09:00 Uhr<\/td><td class=\"column-2\">Hollerner See<\/td><td class=\"column-3\">Anzahl Helfer: mind. 5 Mann<br \/>\nDauer:  mind. 3 Stunden<br \/>\nTreffpunkt: Parkplatz<br \/>\nArbeiten: Gew\u00e4sser pflege<br \/>\nMitzuf\u00fchren ist: Gummistiefel  Wathose und Arbeitshandschuhe optimal<\/td><td class=\"column-4\">Arbeitsdienst voll<br \/>\n<\/td>\n<\/tr>\n<tr class=\"row-6\">\n\t<td class=\"column-1\">21.02.2026 Samstag<br \/>\n08:00 Uhr<\/td><td class=\"column-2\">Hollerner See<\/td><td class=\"column-3\">Anzahl Helfer: mind. 3 Mann<br \/>\nDauer:  mind. 5 Stunden<br \/>\nTreffpunkt: Furtweg 56 Unterschlei\u00dfheim<br \/>\nArbeiten: Bau Zandernester<br \/>\nMitzuf\u00fchren ist: Gummistiefel  Wathose und Arbeitshandschuhe optimal<\/td><td class=\"column-4\">Arbeitsdienst voll<br \/>\n<\/td>\n<\/tr>\n<tr class=\"row-7\">\n\t<td class=\"column-1\">07.03.2026 Samstag<br \/>\n08:00 Uhr<\/td><td class=\"column-2\">Waldsee<\/td><td class=\"column-3\">Anzahl Helfer: mind. 4 Mann<br \/>\nDauer:  mind. 4 Stunden<br \/>\nTreffpunkt: Waldsee<br \/>\nArbeiten: Gew\u00e4sserpflege<br \/>\nMitzuf\u00fchren ist: Arbeitshandschuhe <\/td><td class=\"column-4\">Durchgef\u00fchrt<br \/>\n<\/td>\n<\/tr>\n<tr class=\"row-8\">\n\t<td class=\"column-1\">21.03.2026 Samstag<br \/>\n08:00 Uhr<\/td><td class=\"column-2\">Goldach 2<\/td><td class=\"column-3\">Anzahl Helfer: mind. 10 Mann<br \/>\nDauer:  mind. 6 Stunden<br \/>\nTreffpunkt:Senderstra\u00dfe beim BR<br \/>\nArbeiten: Kontrollbefischung<br \/>\nMitzuf\u00fchren ist:  Wathose und Arbeitshandschuhe (Elektro) optimal<\/td><td class=\"column-4\">Arbeitsdienst voll<br \/>\n<br \/>\n<\/td>\n<\/tr>\n<tr class=\"row-9\">\n\t<td class=\"column-1\">28.03.2026 Samstag<br \/>\n08:00 Uhr<\/td><td class=\"column-2\">Nasenbach<\/td><td class=\"column-3\">Anzahl Helfer: mind. 14 Mann<br \/>\nDauer:  mind. 6 Stunden<br \/>\nTreffpunkt:Parkplatz Stoiberm\u00fchle 85356 Attaching<br \/>\nArbeiten: Kontrollbefischung<br \/>\nMitzuf\u00fchren ist:  Wathose und Arbeitshandschuhe (Elektro) optimal<\/td><td class=\"column-4\">Arbeitsdienst voll <\/td>\n<\/tr>\n<tr class=\"row-10\">\n\t<td class=\"column-1\">25.04.2026 Samstag<br \/>\n08:00 Uhr<\/td><td class=\"column-2\">Speichersee<\/td><td class=\"column-3\">Anzahl Helfer: mind. 10 Mann<br \/>\nDauer:  mind. 6 Stunden<br \/>\nTreffpunkt:Parkplatz Mitteldamm<br \/>\nArbeiten: M\u00fcll sammeln , Pl\u00e4tze aufr\u00e4umen<br \/>\nMitzuf\u00fchren ist:  Gummistiefel und Arbeitshandschuhe optimal<\/td><td class=\"column-4\">Arbeitsdienst voll<\/td>\n<\/tr>\n<\/tbody>\n<\/table>\n<!-- #tablepress-9 from cache -->\n<\/div>\n<\/div><\/div><div id=\"panel-1959-0-0-2\" class=\"so-panel widget widget_sow-editor panel-last-child\" data-index=\"2\" ><div class=\"panel-widget-style panel-widget-style-for-1959-0-0-2\" ><div\n\t\t\t\n\t\t\tclass=\"so-widget-sow-editor so-widget-sow-editor-base\"\n\t\t\t\n\t\t>\n<div class=\"siteorigin-widget-tinymce textwidget\">\n\t<p><a href=\"https:\/\/www.fischwaid-muenchen.de\/?page_id=1305\">Liste der Gew\u00e4sserbetreuer<\/a><\/p>\n<\/div>\n<\/div><\/div><\/div><\/div><\/div><\/div>","protected":false},"excerpt":{"rendered":"<p>Liste der Gew\u00e4sserbetreuer<\/p>\n<p class=\"continue-reading-button\"> <a class=\"continue-reading-link\" href=\"https:\/\/www.fischwaid-muenchen.de\/?page_id=1959\">weiter<i class=\"crycon-right-dir\"><\/i><\/a><\/p>\n","protected":false},"author":2,"featured_media":0,"parent":0,"menu_order":0,"comment_status":"closed","ping_status":"closed","template":"templates\/template-onecolumn.php","meta":{"footnotes":""},"wf_page_folders":[29],"class_list":["post-1959","page","type-page","status-publish","hentry"],"yoast_head":"<!-- This site is optimized with the Yoast SEO plugin v27.4 - https:\/\/yoast.com\/product\/yoast-seo-wordpress\/ -->\n<title>Termine \/ Arbeitsdienste - Fischereiverein Fischwaid M\u00fcnchen e.V.<\/title>\n<meta name=\"robots\" content=\"index, follow, max-snippet:-1, max-image-preview:large, max-video-preview:-1\" \/>\n<link rel=\"canonical\" href=\"https:\/\/www.fischwaid-muenchen.de\/?page_id=1959\" \/>\n<meta property=\"og:locale\" content=\"de_DE\" \/>\n<meta property=\"og:type\" content=\"article\" \/>\n<meta property=\"og:title\" content=\"Termine \/ Arbeitsdienste - Fischereiverein Fischwaid M\u00fcnchen e.V.\" \/>\n<meta property=\"og:description\" content=\"Liste der Gew\u00e4sserbetreuer weiter\" \/>\n<meta property=\"og:url\" content=\"https:\/\/www.fischwaid-muenchen.de\/?page_id=1959\" \/>\n<meta property=\"og:site_name\" content=\"Fischereiverein Fischwaid M\u00fcnchen e.V.\" \/>\n<meta property=\"article:publisher\" content=\"https:\/\/www.facebook.com\/Fischereiverein-Fischwaid-Mnchen-eV-175669222446351\" \/>\n<meta property=\"article:modified_time\" content=\"2023-02-13T15:03:15+00:00\" \/>\n<meta name=\"twitter:card\" content=\"summary_large_image\" \/>\n<script type=\"application\/ld+json\" class=\"yoast-schema-graph\">{\"@context\":\"https:\\\/\\\/schema.org\",\"@graph\":[{\"@type\":\"WebPage\",\"@id\":\"https:\\\/\\\/www.fischwaid-muenchen.de\\\/?page_id=1959\",\"url\":\"https:\\\/\\\/www.fischwaid-muenchen.de\\\/?page_id=1959\",\"name\":\"Termine \\\/ Arbeitsdienste - Fischereiverein Fischwaid M\u00fcnchen e.V.\",\"isPartOf\":{\"@id\":\"https:\\\/\\\/www.fischwaid-muenchen.de\\\/#website\"},\"datePublished\":\"2023-02-01T10:05:44+00:00\",\"dateModified\":\"2023-02-13T15:03:15+00:00\",\"breadcrumb\":{\"@id\":\"https:\\\/\\\/www.fischwaid-muenchen.de\\\/?page_id=1959#breadcrumb\"},\"inLanguage\":\"de\",\"potentialAction\":[{\"@type\":\"ReadAction\",\"target\":[\"https:\\\/\\\/www.fischwaid-muenchen.de\\\/?page_id=1959\"]}]},{\"@type\":\"BreadcrumbList\",\"@id\":\"https:\\\/\\\/www.fischwaid-muenchen.de\\\/?page_id=1959#breadcrumb\",\"itemListElement\":[{\"@type\":\"ListItem\",\"position\":1,\"name\":\"Startseite\",\"item\":\"https:\\\/\\\/www.fischwaid-muenchen.de\\\/\"},{\"@type\":\"ListItem\",\"position\":2,\"name\":\"Termine \\\/ Arbeitsdienste\"}]},{\"@type\":\"WebSite\",\"@id\":\"https:\\\/\\\/www.fischwaid-muenchen.de\\\/#website\",\"url\":\"https:\\\/\\\/www.fischwaid-muenchen.de\\\/\",\"name\":\"Fischereiverein Fischwaid M\u00fcnchen e.V.\",\"description\":\"\",\"publisher\":{\"@id\":\"https:\\\/\\\/www.fischwaid-muenchen.de\\\/#organization\"},\"potentialAction\":[{\"@type\":\"SearchAction\",\"target\":{\"@type\":\"EntryPoint\",\"urlTemplate\":\"https:\\\/\\\/www.fischwaid-muenchen.de\\\/?s={search_term_string}\"},\"query-input\":{\"@type\":\"PropertyValueSpecification\",\"valueRequired\":true,\"valueName\":\"search_term_string\"}}],\"inLanguage\":\"de\"},{\"@type\":\"Organization\",\"@id\":\"https:\\\/\\\/www.fischwaid-muenchen.de\\\/#organization\",\"name\":\"Fischwaid M\u00fcnchen e.V.\",\"url\":\"https:\\\/\\\/www.fischwaid-muenchen.de\\\/\",\"logo\":{\"@type\":\"ImageObject\",\"inLanguage\":\"de\",\"@id\":\"https:\\\/\\\/www.fischwaid-muenchen.de\\\/#\\\/schema\\\/logo\\\/image\\\/\",\"url\":\"https:\\\/\\\/www.fischwaid-muenchen.de\\\/wp-content\\\/uploads\\\/2021\\\/05\\\/fischwaid-logo.png\",\"contentUrl\":\"https:\\\/\\\/www.fischwaid-muenchen.de\\\/wp-content\\\/uploads\\\/2021\\\/05\\\/fischwaid-logo.png\",\"width\":1000,\"height\":1195,\"caption\":\"Fischwaid M\u00fcnchen e.V.\"},\"image\":{\"@id\":\"https:\\\/\\\/www.fischwaid-muenchen.de\\\/#\\\/schema\\\/logo\\\/image\\\/\"},\"sameAs\":[\"https:\\\/\\\/www.facebook.com\\\/Fischereiverein-Fischwaid-Mnchen-eV-175669222446351\",\"https:\\\/\\\/www.instagram.com\\\/fischwaid_muenchen_ev\\\/?igshid=YmMyMTA2M2Y=\"]}]}<\/script>\n<!-- \/ Yoast SEO plugin. -->","yoast_head_json":{"title":"Termine \/ Arbeitsdienste - Fischereiverein Fischwaid M\u00fcnchen e.V.","robots":{"index":"index","follow":"follow","max-snippet":"max-snippet:-1","max-image-preview":"max-image-preview:large","max-video-preview":"max-video-preview:-1"},"canonical":"https:\/\/www.fischwaid-muenchen.de\/?page_id=1959","og_locale":"de_DE","og_type":"article","og_title":"Termine \/ Arbeitsdienste - Fischereiverein Fischwaid M\u00fcnchen e.V.","og_description":"Liste der Gew\u00e4sserbetreuer weiter","og_url":"https:\/\/www.fischwaid-muenchen.de\/?page_id=1959","og_site_name":"Fischereiverein Fischwaid M\u00fcnchen e.V.","article_publisher":"https:\/\/www.facebook.com\/Fischereiverein-Fischwaid-Mnchen-eV-175669222446351","article_modified_time":"2023-02-13T15:03:15+00:00","twitter_card":"summary_large_image","schema":{"@context":"https:\/\/schema.org","@graph":[{"@type":"WebPage","@id":"https:\/\/www.fischwaid-muenchen.de\/?page_id=1959","url":"https:\/\/www.fischwaid-muenchen.de\/?page_id=1959","name":"Termine \/ Arbeitsdienste - Fischereiverein Fischwaid M\u00fcnchen e.V.","isPartOf":{"@id":"https:\/\/www.fischwaid-muenchen.de\/#website"},"datePublished":"2023-02-01T10:05:44+00:00","dateModified":"2023-02-13T15:03:15+00:00","breadcrumb":{"@id":"https:\/\/www.fischwaid-muenchen.de\/?page_id=1959#breadcrumb"},"inLanguage":"de","potentialAction":[{"@type":"ReadAction","target":["https:\/\/www.fischwaid-muenchen.de\/?page_id=1959"]}]},{"@type":"BreadcrumbList","@id":"https:\/\/www.fischwaid-muenchen.de\/?page_id=1959#breadcrumb","itemListElement":[{"@type":"ListItem","position":1,"name":"Startseite","item":"https:\/\/www.fischwaid-muenchen.de\/"},{"@type":"ListItem","position":2,"name":"Termine \/ Arbeitsdienste"}]},{"@type":"WebSite","@id":"https:\/\/www.fischwaid-muenchen.de\/#website","url":"https:\/\/www.fischwaid-muenchen.de\/","name":"Fischereiverein Fischwaid M\u00fcnchen e.V.","description":"","publisher":{"@id":"https:\/\/www.fischwaid-muenchen.de\/#organization"},"potentialAction":[{"@type":"SearchAction","target":{"@type":"EntryPoint","urlTemplate":"https:\/\/www.fischwaid-muenchen.de\/?s={search_term_string}"},"query-input":{"@type":"PropertyValueSpecification","valueRequired":true,"valueName":"search_term_string"}}],"inLanguage":"de"},{"@type":"Organization","@id":"https:\/\/www.fischwaid-muenchen.de\/#organization","name":"Fischwaid M\u00fcnchen e.V.","url":"https:\/\/www.fischwaid-muenchen.de\/","logo":{"@type":"ImageObject","inLanguage":"de","@id":"https:\/\/www.fischwaid-muenchen.de\/#\/schema\/logo\/image\/","url":"https:\/\/www.fischwaid-muenchen.de\/wp-content\/uploads\/2021\/05\/fischwaid-logo.png","contentUrl":"https:\/\/www.fischwaid-muenchen.de\/wp-content\/uploads\/2021\/05\/fischwaid-logo.png","width":1000,"height":1195,"caption":"Fischwaid M\u00fcnchen e.V."},"image":{"@id":"https:\/\/www.fischwaid-muenchen.de\/#\/schema\/logo\/image\/"},"sameAs":["https:\/\/www.facebook.com\/Fischereiverein-Fischwaid-Mnchen-eV-175669222446351","https:\/\/www.instagram.com\/fischwaid_muenchen_ev\/?igshid=YmMyMTA2M2Y="]}]}},"_links":{"self":[{"href":"https:\/\/www.fischwaid-muenchen.de\/index.php?rest_route=\/wp\/v2\/pages\/1959","targetHints":{"allow":["GET"]}}],"collection":[{"href":"https:\/\/www.fischwaid-muenchen.de\/index.php?rest_route=\/wp\/v2\/pages"}],"about":[{"href":"https:\/\/www.fischwaid-muenchen.de\/index.php?rest_route=\/wp\/v2\/types\/page"}],"author":[{"embeddable":true,"href":"https:\/\/www.fischwaid-muenchen.de\/index.php?rest_route=\/wp\/v2\/users\/2"}],"replies":[{"embeddable":true,"href":"https:\/\/www.fischwaid-muenchen.de\/index.php?rest_route=%2Fwp%2Fv2%2Fcomments&post=1959"}],"version-history":[{"count":0,"href":"https:\/\/www.fischwaid-muenchen.de\/index.php?rest_route=\/wp\/v2\/pages\/1959\/revisions"}],"wp:attachment":[{"href":"https:\/\/www.fischwaid-muenchen.de\/index.php?rest_route=%2Fwp%2Fv2%2Fmedia&parent=1959"}],"wp:term":[{"taxonomy":"wf_page_folders","embeddable":true,"href":"https:\/\/www.fischwaid-muenchen.de\/index.php?rest_route=%2Fwp%2Fv2%2Fwf_page_folders&post=1959"}],"curies":[{"name":"wp","href":"https:\/\/api.w.org\/{rel}","templated":true}]}}